ivisor of f and r?
14
Let z be 2/(-2) + 0 + 0. Let b be z/(8/(-22))*4. Suppose b + 5 = w. What is the greatest common divisor of w and 112?
16
Let k(p) = 30*p**2 + 2*p + 1. Let s be k(-2). Let v(c) = -c - 5. Let x be v(-18). Calculate the greatest common factor of s and x.
13
Suppose 7*l - 10 = 4*l + 2*s, -l - 2 = -2*s. What is the greatest common divisor of 24 and l?
6
Let u be (-12)/8 + (-6)/(-4). Suppose u = 2*a - 42 - 112. What is the greatest common divisor of 7 and a?
7
Suppose 0 = -4*h + 5 + 7. Let u be h/(3*-1) + 61. Calculate the highest common factor of 15 and u.
15
Suppose 4*i - 10 = 2*i. Suppose 0 = -2*v - v - 3*f + 54, 3*f = i*v - 90. Calculate the greatest common factor of 72 and v.
18
Suppose -308 = -5*q + 4*n, 4*q = n - 13 + 255. Let g = -36 - -60. Calculate the highest common divisor of g and q.
12
Suppose 5*p = -4 + 44. Calculate the highest common factor of p and 72.
8
Suppose 97*o - 30 = 95*o. Calculate the greatest common divisor of o and 20.
5
Suppose 27 = -0*p + 3*p. Let f(n) be the second derivative of -n**3 + n. Let l be f(-3). What is the highest common factor of p and l?
9
Suppose 5*i + 55 - 340 = 0. What is the highest common divisor of 38 and i?
19
Suppose -5*x - 125 = -6*x - 4*f, -2*x = -5*f - 224. Calculate the highest common divisor of 13 and x.
13
Suppose 4*r - 4*w - 80 = 0, 0*r + 83 = 4*r - 3*w. Let t be (r/(-2))/(2/(-4)). What is the greatest common factor of 92 and t?
23
Suppose -u - 2*u = -15. Let y(l) = l**3 + l + l - 5*l**2 + 3*l. Let b be y(u). Calculate the highest common divisor of 5 and b.
5
Suppose k = 8 + 14. What is the greatest common factor of k and 44?
22
Suppose -q = 4*q - 4*a - 44, 4*q - 5*a - 28 = 0. Let m(t) = t**2 - 10*t - 10. Let y be m(q). Calculate the greatest common divisor of 56 and y.
14
Suppose 2*l - 5*l + 4*d + 64 = 0, 5*d = 2*l - 52. What is the greatest common divisor of l and 64?
16
Suppose -3*k + 10 = -k + 4*s, k - 13 = 2*s. Suppose -5*r = -6 - k. Suppose -28 - 50 = -r*y. Calculate the highest common factor of 13 and y.
13
Suppose 3*p + 2 = 4*p. Let y = 6 + 8. What is the greatest common factor of p and y?
2
Let k be (-54)/(-135) - 38/(-5). What is the greatest common factor of k and 8?
8
Let t be 2/(-7) - -177*30/63. Calculate the highest common factor of t and 60.
12
Let h be 0/((-3)/3 + 0). Suppose h*g - 36 = 4*g. Let n = -2 - g. What is the highest common divisor of 35 and n?
7
Suppose 0*i + i = 24. Let y = i + -13. Calculate the highest common factor of 11 and y.
11
Let c(y) = -22*y. Let m be c(-1). Suppose -3*a + 2*a + 56 = -5*b, -4*b = 2*a - 42. Let d = a - m. What is the highest common factor of 72 and d?
9
Let x(y) = -y + 6. Let i = 1 + 2. Let q be x(i). Let m be 0 + 135 - (2 - q). Calculate the greatest common divisor of m and 17.
17
Let a(w) = -w**2 + 10*w + 11. Let q be a(9). What is the greatest common divisor of q and 8?
4
Let n(b) = 4*b - 27. Let w be n(7). What is the greatest common factor of 11 and w?
1
Suppose 4*k - 197 + 37 = -4*o, 4*o - 174 = 3*k. Calculate the highest common divisor of o and 63.
21
Suppose -2*h - 100 = -4*h. What is the greatest common factor of h and 10?
10
Let q = 4 + -4. Suppose q = -0*s - s - 2. Let l be (5/s)/((-1)/6). What is the greatest common divisor of l and 105?
15
Let o be (-78)/(-4)*(-32)/24. Let s be 2 + (1 - o)/3. Let q = -5 + s. What is the highest common factor of 9 and q?
3
Let z be -2*1*(-2 - -1). Let j be 9 - (0 - 0) - z. Let q(g) = 20*g**2 - 2*g - 1. Let p be q(-1). Calculate the greatest common divisor of p and j.
7
Let g(y) = 8*y. Let w be g(1). Let j be w/44 + (-526)/(-11). What is the highest common divisor of j and 24?
24
Suppose 10*c - 9*c - 120 = 0. What is the greatest common divisor of 15 and c?
15
Let v(n) = n + 1. Let t be v(3). Suppose t*a = -32 + 192. What is the greatest common factor of a and 16?
8
Let s(x) = 36*x - 12. Let v be s(2). What is the greatest common divisor of 12 and v?
12
Suppose -1377 = j - 4*j - 3*s, s = 5*j - 2295. Calculate the greatest common divisor of 51 and j.
51
Let a be (-3 - -1) + (-95)/(-5). Suppose y + 459 = 4*y. Calculate the highest common divisor of y and a.
17
Let b = -20 + 39. Calculate the greatest common factor of b and 57.
19
Let r(m) = m - 3. Let o be r(10). Suppose -4*u = 3*x - 1, 3*u - x = 6*u - o. Let b be 1/(-4) - (-9)/u. Calculate the greatest common factor of 6 and b.
2
Let d = 73 - 51. Let l(y) = y**2 + 11*y + 30. Let a be l(-4). Calculate the highest common factor of a and d.
2
Let h = 14 + -2. What is the highest common divisor of h and 2?
2
Let d = 9 + -4. Suppose -4*j + 0*q + 2*q = 0, 4*j - 4*q = -4. Calculate the highest common divisor of d and j.
1
Let a(f) = 3*f**2 + f + 1. Let l be a(-1). Let r = 174 - 171. Calculate the greatest common factor of r and l.
3
Suppose 0 = 4*j - 3*k - 31, 4*j + 5*k = 3*k + 26. Calculate the greatest common factor of j and 7.
7
Suppose 57 = u - 5. Suppose 2*n + 139 = 2*x - n, x = 3*n + u. Calculate the greatest common divisor of 7 and x.
7
Suppose -3*n = 2*a + 2, 5 = -3*a - 5*n + 1. What is the highest common divisor of a and 14?
2
Let o = 121 - 66. Let f(m) be the third derivative of m**5/60 - m**4/24 - m**3/6 + 2*m**2. Let a be f(-2). What is the greatest common factor of o and a?
5
Let h(l) = -15*l**3 - 2*l**2 + 1. Let d be h(-1). Calculate the highest common divisor of d and 56.
14
Let o(x) = x**3 + 5*x**2 + 2*x - 5. Suppose 2*f = -3*f - 20. Let p be o(f). Calculate the greatest common factor of p and 15.
3
Let h(i) = 2*i + 3. Let r be h(0). What is the highest common factor of r and 2?
1
Suppose -3*x + 118 = 46. What is the greatest common divisor of 16 and x?
8
Let f be (-6)/((-5)/2 - -1). Suppose f*d - 12 = 3*d. Suppose 6*r - 288 = 3*r. What is the greatest common divisor of r and d?
12
Suppose w - u = 64, -u = 2*w - 5*u - 128. What is the greatest common divisor of 8 and w?
8
Let r = -124 - -176. Let d be 354/(-42) - (-9)/21. Let h be (-78)/24*d/2. Calculate the highest common divisor of r and h.
13
Let w(x) = -12*x - 1. Let m be w(-1). Suppose c + 4 = m. Calculate the greatest common divisor of 56 and c.
7
Let s(z) = -12*z**3 + 2*z + 1. Let c be s(-1). Let r = 157 + c. Calculate the greatest common divisor of 24 and r.
24
Suppose 0 = -5*b + 113 + 22. Suppose 1 + 19 = 4*w. Suppose -3*j - 3*v + 52 = -w*v, 0 = v - 1. Calculate the highest common factor of j and b.
9
Let t = 58 + -49. What is the highest common factor of t and 45?
9
Suppose 0 = 2*b - y - 7, -2*b = 5*y - 8 - 5. Calculate the greatest common factor of b and 16.
4
Suppose f - 48 = -2*y, -f + 5*y + 0*y = -69. Suppose 0 = -s + 81 + f. What is the greatest common factor of 15 and s?
15
Suppose -3*c + 350 = -c. Calculate the greatest common divisor of c and 25.
25
Suppose 2*d - 3*w = 23, 2*d - 5 = -w - 2*w. What is the highest common divisor of 77 and d?
7
Suppose 33 = -5*a + 93. Calculate the highest common factor of a and 24.
12
Let b(g) = -g - 6. Let c be b(-9). Suppose -6*i + 8*i - 54 = 0. Calculate the highest common factor of c and i.
3
Suppose 3*k = k + 26. What is the greatest common factor of k and 65?
13
Let v(z) = -z**2 - 10*z - 9. Let g be v(-9). Suppose g*a - 3*a = -45. Calculate the greatest common divisor of a and 45.
15
Let t(j) = 3*j**2 + 28*j + 6. Let h be t(-10). What is the greatest common divisor of h and 286?
26
Suppose 5*m - 2*h = 3*h + 205, -3*m = -h - 113. Let o = m - 18. Let p = 2 + 1. Calculate the greatest common divisor of p and o.
3
Let j be (1 - 11)*448/(-80). What is the greatest common divisor of 7 and j?
7
Suppose 4*x + 2 = 26. Calculate the greatest common factor of 30 and x.
6
Let g = 322 - 154. What is the greatest common factor of 42 and g?
42
Suppose 4*p = 4*l - 96, 55 = 2*l + p - 2. Calculate the greatest common factor of 9 and l.
9
Let x be ((-6)/10)/(1/(-45)). Suppose -2*t = g - x - 10, -59 = -4*t + g. What is the highest common factor of 16 and t?
16
Let q = -90 + 138. Calculate the greatest common factor of q and 3.
3
Suppose -3*j = -1 - 5. Suppose -3*s = -3*r - 45 - 24, -2*r = 5*s - 80. Calculate the greatest common divisor of j and s.
2
Suppose 8 - 20 = -2*s. Calculate the greatest common divisor of 78 and s.
6
Suppose l - 2*r + 6 = 0, 3*r + 1 - 24 = -2*l. Calculate the highest common divisor of l and 16.
4
Let